 Suppose x = -9 + h. Let l = -5 + x. Calculate the greatest common divisor of 90 and l.
10
Let s(t) = t**2 + 3*t - 2. Let q be s(-5). Suppose 9*b = 233 - q. What is the highest common divisor of 225 and b?
25
Let h be 2/4 + 1/2. Let y(o) = -7*o**3 + 6*o**2 - 10*o + 9. Let i be y(1). Let j be 29 - (-1 - h) - (-2)/i. What is the highest common factor of j and 24?
6
Suppose 9*i + 358 - 7666 = 0. Suppose i = -44*y + 51*y. What is the highest common divisor of 29 and y?
29
Let y(d) = 22*d**2 + 32*d - 15. Let f be y(25). Calculate the greatest common factor of f and 95.
95
Suppose 4123 + 556 + 312 = 31*f. Let b(m) = m**3 - 4*m - 2. Let c be b(4). Calculate the highest common factor of f and c.
23
Suppose q - 1172*n + 1171*n = 1942, 0 = 4*q - 5*n - 7768. Calculate the greatest common divisor of 2 and q.
2
Suppose 2*u + 4*w + 8 = 0, -w = u + 7 - 2. Let j(m) = 4*m**2 + 2*m - 6. Let l be j(u). Calculate the highest common factor of 63 and l.
63
Let p be 2330/65 - -3*8/156. Calculate the greatest common divisor of p and 72.
36
Let o(m) = 5*m**2 - m - 2. Let w be o(2). Let t(z) = -1572*z + 25200. Let j be t(16). Calculate the greatest common divisor of w and j.
16
Let a be (5/(-10))/(((-45)/(-1140))/(1*-9)). Calculate the highest common divisor of a and 1444.
38
Suppose -264 = 5*l - w - 789, -2*l = w - 203. Let k(h) = -142*h + 4. Let r be k(-4). Calculate the highest common divisor of l and r.
52
Let x(c) = -46*c + 9. Let l be x(-3). Suppose -6*p - l = -387. What is the greatest common factor of p and 30?
10
Suppose 36 = 3*x - 3*t, t = -3*x + 6*t + 44. Suppose -x = 26*n - 30*n - 4*z, 2*z - 10 = -3*n. Calculate the greatest common factor of n and 162.
6
Let c(y) = 960*y + 2080. Let n be c(12). Calculate the greatest common factor of 136 and n.
136
Let x(i) = 21*i - 7. Let m be x(2). Let s = 73 - m. Let g be ((-1)/8 + s/(-16))*-8. What is the greatest common divisor of g and 8?
4
Suppose 0 = -4*h - 5*c + 527, -3*c - 256 = -2*h - 13*c. What is the greatest common divisor of 6118 and h?
133
Let s be 27 + 4 + 0 + 1. Suppose 2*r = t + 5, 13 = r + 28*t - 25*t. Calculate the highest common divisor of s and r.
4
Let f(l) = 34*l**3 - 4*l**2 - l + 5. Let v be f(1). What is the greatest common divisor of 136 and v?
34
Suppose 7409*q - 4950 = 7379*q. Calculate the highest common divisor of 60 and q.
15
Let a be ((-4)/(-8))/((-5)/(-100)). Suppose 5*x + 137 = a*o - 7*o, -5*x - 5 = 0. Calculate the greatest common divisor of o and 33.
11
Let s(z) = 2*z**2 - 4. Let d be s(4). Let a be 26 - ((-5 - 0 - -3) + 4). Let f be 38/8 + a/(-32). What is the greatest common divisor of f and d?
4
Suppose 385*h + 5464 = 40810 - 3006. Calculate the greatest common factor of h and 47796.
84
Suppose 0 + 8 = 2*j. Let b be 2 - (-7 + 5/1). Calculate the highest common divisor of b and j.
4
Suppose h + 24 = -i, -8 = -3*i - 4*h - 84. Let g = i + 24. Suppose -g*y - z = -56, 4*y + 5*z = -y + 85. Calculate the highest common factor of y and 13.
13
Let t(f) = -1303*f - 2211. Let h be t(-2). Calculate the greatest common factor of h and 6952.
79
Let h be 430 - (25/(0 + 5) - 9). Suppose -252 = -h*s + 430*s. Calculate the greatest common divisor of 28 and s.
7
Let u = 3247 + 83. What is the greatest common factor of u and 36?
18
Let w = -15 + 5. Let v(d) = d**3 + 12*d**2 + 19*d - 7. Let t be v(w). Let i be 1 - (t - 2)/(-1). What is the highest common divisor of i and 22?
2
Suppose 0 = 5*m + 5*x - 550, 0 = 3*x + x - 4. Let s = 139 - m. Let v = 5 + 0. Calculate the highest common divisor of v and s.
5
Suppose -80*o + 13244 + 21502 + 14534 = 0. Calculate the greatest common factor of 1672 and o.
88
Suppose -d + 16 = 14. Suppose d*g = 17 - 37. Let y be ((-144)/g)/(1 + 23/(-25)). What is the greatest common divisor of y and 20?
20
Suppose 0 = 213*k - 192*k + 21. Let m be k/(-8)*1696/4. What is the greatest common divisor of m and 424?
53
Let y(v) = 13*v**2 - 113*v - 111. Let z be y(-1). What is the highest common divisor of 2775 and z?
15
Let o(s) = -630*s + 750. Let q be o(-9). What is the greatest common factor of q and 18?
6
Let j = -16 - -20. Suppose -4*s - 8*p - 4 = -3*p, 0 = 3*s + 3*p. Calculate the highest common factor of s and j.
4
Suppose 19*y + 331 = -5*y + 1387. What is the greatest common divisor of y and 10692?
44
Let u be 24/224*7*(-52)/(-3). What is the highest common factor of u and 16614?
13
Suppose 0 = 3*t, -t - 4*t - 1659 = -3*i. Let p(j) = 2*j**2 - 87*j + 1094. Let r be p(24). Calculate the highest common divisor of r and i.
79
Let n(h) be the third derivative of -h**5/30 - 53*h**4/12 + 40*h**3/3 + 84*h**2. Let r be n(-48). Calculate the highest common divisor of r and 105.
35
Suppose -s = -0*s - 23. Let x(l) = l**3 + l + 21. Let y be x(7). Let t = y - 348. What is the highest common factor of s and t?
23
Suppose -76*y + 4968 = 9*y + 7*y. What is the greatest common factor of y and 14202?
54
Let w(s) = s**3 - 3*s**2 + 13*s + 26. Let b be w(3). Calculate the highest common factor of 13 and b.
13
Let c = 239 - 408. Let m = c + 199. What is the greatest common factor of 390 and m?
30
Suppose 22*z = 7*z + 3330. Let n = -168 + z. Calculate the highest common divisor of 27 and n.
27
Suppose 6*h - 128 = 5*h. Suppose p - 1 = 0, 3 = 3*n - 4*p + 1. Suppose -5*a + y = -78, 58 = 3*a + n*y + 6. Calculate the greatest common factor of h and a.
16
Let q(s) = -10*s + 10. Let y be q(8). Let r = y + 75. Suppose -5*o + 113 = 3*a, -r*a = 2*o - 22 - 8. What is the highest common factor of o and 25?
25
Suppose 113*k = 109*k - p + 2765, 0 = -3*k - p + 2072. Calculate the greatest common divisor of k and 2387.
77
Let s be 220/6*(-11)/((-330)/108). Let c = -63 - -118. Calculate the greatest common factor of s and c.
11
Suppose -7*m - 4*w - 2292 = -12*m, -2*m = 5*w - 963. Calculate the greatest common factor of 377 and m.
29
Let t = 8357 - 4901. What is the highest common factor of 48 and t?
48
Let f = 780 + -669. Let c = 622 + -511. What is the highest common factor of f and c?
111
Let p(c) = c**2 - 13*c - 8. Suppose -1 = -4*r - 5. Let x(b) = 15*b + 7. Let w be x(r). Let j be p(w). What is the greatest common factor of j and 20?
20
Suppose -110*o = -105*o - 170. Calculate the greatest common factor of 22 and o.
2
Suppose 213*y = 137*y + 109*y - 42834. Calculate the highest common divisor of y and 1888.
118
Let o = -75029 + 75083. Suppose 3*z + 2 - 56 = 0. Calculate the highest common factor of o and z.
18
Let v(y) = y**3 + 9*y**2 - 52*y - 326. Let s be v(-7). What is the greatest common factor of s and 578?
34
Let i(j) = j**2 - 19*j - 78. Suppose 3*p = -f - 17, -5 = 4*p + 11. Let b be i(f). What is the greatest common factor of b and 18?
6
Let l be 14234/8 + 25/(-20). Suppose 0 = q + i - 203 + 192, 5*q + 4*i - 58 = 0. What is the greatest common factor of l and q?
14
Let d(z) = z - 5. Let r be d(6). Let y(s) = 9*s. Let p be y(r). Suppose -7*n + 5*n - 3*u = -129, -3*u = 15. What is the highest common divisor of p and n?
9
Let f(r) = 3*r + 29. Let q be f(-14). Let s be (-1 - -2364) + (-8 - q). Suppose -n + s = 7*n. Calculate the highest common divisor of 37 and n.
37
Let b(w) = w**2 + 836*w + 4159. Let m be b(-5). What is the highest common divisor of m and 196?
4
Let y be (-2)/20 - ((-90315)/150 + 22). Calculate the greatest common factor of y and 660.
20
Let c(t) = -15*t**2 - 7*t - 6. Let i be c(3). Let l = i + 179. Calculate the greatest common factor of l and 289.
17
Suppose 0 = -12*x + 7*x + 560. Let p = x + -87. Let q(t) = -t**3 + 8*t**2 + 10*t + 1. Let y be q(9). Calculate the highest common factor of y and p.
5
Let o = 18 - 11. Suppose 95 + 38 = o*j. Suppose -3*b + 5 + 52 = 0. What is the greatest common divisor of b and j?
19
Let g = 5341 + -1437. What is the highest common divisor of g and 8?
8
Let t be 29/(-522) + (-1703)/936*-188. Let l = 106 - 52. Calculate the greatest common factor of t and l.
18
Suppose -f = 65 - 221. Suppose 5*i - 44 = f. Suppose 0 = -5*z - 2*c + 51, -3*z + i = 2*c + 7. Calculate the greatest common factor of z and 12.
3
Suppose -2*c = 12*c + 9 - 233. Let a be (-3)/(-6)*2/1. Let f be a*-2 - 6*-27. What is the greatest common divisor of c and f?
16
Let u(b) = 3*b**2 + 73*b - 36. Let o be u(-25). Let x = 8 - 6. Suppose -4*f + 5*m + 178 = -x*f, 4*f - 2*m = 340. What is the hi